{"version":"1.0","provider_name":"Rapport d&#039;Activit\u00e9 2020\/2021 | Le Fonds de Garantie des Victimes","provider_url":"https:\/\/rapportdactivite.fondsdegarantie.fr\/2021","title":"\"Gr\u00e2ce au Fonds, j'ai pu reconstruire ma vie\" - Rapport d&#039;Activit\u00e9 2020\/2021 | Le Fonds de Garantie des Victimes","type":"rich","width":600,"height":338,"html":"<blockquote class=\"wp-embedded-content\" data-secret=\"LhkaB93HA2\"><a href=\"https:\/\/rapportdactivite.fondsdegarantie.fr\/2021\/grace-au-fonds-jau-pu-reconstruire-ma-vie\/\">&#8220;Gr\u00e2ce au Fonds, j&#8217;ai pu reconstruire ma vie&#8221;<\/a><\/blockquote><iframe sandbox=\"allow-scripts\" security=\"restricted\" src=\"https:\/\/rapportdactivite.fondsdegarantie.fr\/2021\/grace-au-fonds-jau-pu-reconstruire-ma-vie\/embed\/#?secret=LhkaB93HA2\" width=\"600\" height=\"338\" title=\"&#8220;&#8220;Gr\u00e2ce au Fonds, j&#8217;ai pu reconstruire ma vie&#8221;&#8221; &#8212; Rapport d&#039;Activit\u00e9 2020\/2021 | Le Fonds de Garantie des Victimes\" data-secret=\"LhkaB93HA2\" frameborder=\"0\" marginwidth=\"0\" marginheight=\"0\" scrolling=\"no\" class=\"wp-embedded-content\"><\/iframe><script type=\"text\/javascript\">\n\/*! This file is auto-generated *\/\n!function(c,d){\"use strict\";var e=!1,o=!1;if(d.querySelector)if(c.addEventListener)e=!0;if(c.wp=c.wp||{},c.wp.receiveEmbedMessage);else if(c.wp.receiveEmbedMessage=function(e){var t=e.data;if(!t);else if(!(t.secret||t.message||t.value));else if(\/[^a-zA-Z0-9]\/.test(t.secret));else{for(var r,s,a,i=d.querySelectorAll('iframe[data-secret=\"'+t.secret+'\"]'),n=d.querySelectorAll('blockquote[data-secret=\"'+t.secret+'\"]'),o=new RegExp(\"^https?:$\",\"i\"),l=0;l<n.length;l++)n[l].style.display=\"none\";for(l=0;l<i.length;l++)if(r=i[l],e.source!==r.contentWindow);else{if(r.removeAttribute(\"style\"),\"height\"===t.message){if(1e3<(s=parseInt(t.value,10)))s=1e3;else if(~~s<200)s=200;r.height=s}if(\"link\"===t.message)if(s=d.createElement(\"a\"),a=d.createElement(\"a\"),s.href=r.getAttribute(\"src\"),a.href=t.value,!o.test(a.protocol));else if(a.host===s.host)if(d.activeElement===r)c.top.location.href=t.value}}},e)c.addEventListener(\"message\",c.wp.receiveEmbedMessage,!1),d.addEventListener(\"DOMContentLoaded\",t,!1),c.addEventListener(\"load\",t,!1);function t(){if(o);else{o=!0;for(var e,t,r,s=-1!==navigator.appVersion.indexOf(\"MSIE 10\"),a=!!navigator.userAgent.match(\/Trident.*rv:11\\.\/),i=d.querySelectorAll(\"iframe.wp-embedded-content\"),n=0;n<i.length;n++){if(!(r=(t=i[n]).getAttribute(\"data-secret\")))r=Math.random().toString(36).substr(2,10),t.src+=\"#?secret=\"+r,t.setAttribute(\"data-secret\",r);if(s||a)(e=t.cloneNode(!0)).removeAttribute(\"security\"),t.parentNode.replaceChild(e,t);t.contentWindow.postMessage({message:\"ready\",secret:r},\"*\")}}}}(window,document);\n<\/script>\n","thumbnail_url":"https:\/\/rapportdactivite.fondsdegarantie.fr\/2021\/wp-content\/uploads\/2022\/10\/Patricia.jpg","thumbnail_width":1358,"thumbnail_height":860,"description":"Patricia est violemment agress\u00e9e en pleine rue par un auteur qui lui \u00f4te la vue. La vie de cette jeune m\u00e8re d\u2019une fillette de 10 ans bascule. Elle doit \u201ctout recommencer\u201d. Elle est alors rassur\u00e9e et accompagn\u00e9e dans sa prise en charge et sa reconstruction par un collaborateur du Fonds de Garantie des Victimes au sein de la d\u00e9l\u00e9gation de Marseille.\u00a0 Elle pr\u00e9side aujourd\u2019hui la d\u00e9l\u00e9gation Provence C\u00f4te d&#8217;Azur Corse des chiens guides d&#8217;aveugles. D\u00e9couvrez son histoire. &nbsp;"}

Rapport d&#039;Activité 2020/2021 | Le Fonds de Garantie des Victimes

"Grâce au Fonds, j'ai pu reconstruire ma vie" - Rapport d&#039;Activité 2020/2021 | Le Fonds de Garantie des Victimes

<blockquote class="wp-embedded-content" data-secret="LhkaB93HA2"><a href="https://rapportdactivite.fondsdegarantie.fr/2021/grace-au-fonds-jau-pu-reconstruire-ma-vie/">&#8220;Grâce au Fonds, j&#8217;ai pu reconstruire ma vie&#8221;</a></blockquote><iframe sandbox="allow-scripts" security="restricted" src="https://rapportdactivite.fondsdegarantie.fr/2021/grace-au-fonds-jau-pu-reconstruire-ma-vie/embed/#?secret=LhkaB93HA2" width="600" height="338" title="&#8220;&#8220;Grâce au Fonds, j&#8217;ai pu reconstruire ma vie&#8221;&#8221; &#8212; Rapport d&#039;Activité 2020/2021 | Le Fonds de Garantie des Victimes" data-secret="LhkaB93HA2" frameborder="0" marginwidth="0" marginheight="0" scrolling="no" class="wp-embedded-content"></iframe><script type="text/javascript">
/*! This file is auto-generated */
!function(c,d){"use strict";var e=!1,o=!1;if(d.querySelector)if(c.addEventListener)e=!0;if(c.wp=c.wp||{},c.wp.receiveEmbedMessage);else if(c.wp.receiveEmbedMessage=function(e){var t=e.data;if(!t);else if(!(t.secret||t.message||t.value));else if(/[^a-zA-Z0-9]/.test(t.secret));else{for(var r,s,a,i=d.querySelectorAll('iframe[data-secret="'+t.secret+'"]'),n=d.querySelectorAll('blockquote[data-secret="'+t.secret+'"]'),o=new RegExp("^https?:$","i"),l=0;l<n.length;l++)n[l].style.display="none";for(l=0;l<i.length;l++)if(r=i[l],e.source!==r.contentWindow);else{if(r.removeAttribute("style"),"height"===t.message){if(1e3<(s=parseInt(t.value,10)))s=1e3;else if(~~s<200)s=200;r.height=s}if("link"===t.message)if(s=d.createElement("a"),a=d.createElement("a"),s.href=r.getAttribute("src"),a.href=t.value,!o.test(a.protocol));else if(a.host===s.host)if(d.activeElement===r)c.top.location.href=t.value}}},e)c.addEventListener("message",c.wp.receiveEmbedMessage,!1),d.addEventListener("DOMContentLoaded",t,!1),c.addEventListener("load",t,!1);function t(){if(o);else{o=!0;for(var e,t,r,s=-1!==navigator.appVersion.indexOf("MSIE 10"),a=!!navigator.userAgent.match(/Trident.*rv:11\./),i=d.querySelectorAll("iframe.wp-embedded-content"),n=0;n<i.length;n++){if(!(r=(t=i[n]).getAttribute("data-secret")))r=Math.random().toString(36).substr(2,10),t.src+="#?secret="+r,t.setAttribute("data-secret",r);if(s||a)(e=t.cloneNode(!0)).removeAttribute("security"),t.parentNode.replaceChild(e,t);t.contentWindow.postMessage({message:"ready",secret:r},"*")}}}}(window,document);
</script>

Patricia est violemment agressée en pleine rue par un auteur qui lui ôte la vue. La vie de cette jeune mère d’une fillette de 10 ans bascule. Elle doit “tout recommencer”. Elle est alors rassurée et accompagnée dans sa prise en charge et sa reconstruction par un collaborateur du Fonds de Garantie des Victimes au sein de la délégation de Marseille.  Elle préside aujourd’hui la délégation Provence Côte d&#8217;Azur Corse des chiens guides d&#8217;aveugles. Découvrez son histoire. &nbsp;
